.
8
Let i be 3*56/12 + 0. Suppose k = -3*l + 18, 5*l - i = -k + 14. What is the highest common divisor of 2 and k?
1
Let m = -7 - -18. Let s = m - -2. Calculate the highest common factor of s and 52.
13
Let k be (-1)/(2*1/(-10)). Let q be (-6)/k*(-15)/2. Calculate the highest common factor of q and 1.
1
Let u(o) = o**3 - 7*o**2 + 8*o - 2. Let r be u(6). Let s = -4 + r. Let j = -4 + s. What is the greatest common divisor of 6 and j?
2
Suppose 8*c - 910 = -2*c. What is the greatest common factor of 7 and c?
7
Let f be (-35)/(-7) + 2 + 2 + -2. What is the highest common factor of 2 and f?
1
Suppose 25 = -5*o + 5*q, 5*o = 3*q - 2*q - 17. Let v be (0 - o - 0) + 13. Calculate the highest common divisor of 4 and v.
4
Let t = 79 - 46. Calculate the greatest common divisor of t and 22.
11
Let o(f) = 22*f**3 + 3*f**2 - f - 4. Let p be o(2). Let u be (-23)/3 + 4/6. Let m = 33 + u. What is the highest common factor of m and p?
26
Suppose 0 = -o + 4, -3*h - 2*h + 53 = 2*o. Let f(m) = m**2 - 9*m + 6. Let j be f(h). Calculate the greatest common divisor of 30 and j.
6
Suppose 0 = -0*u - u + 15. Let m = 55 - 145. Let d = 165 + m. What is the greatest common factor of d and u?
15
Let t(v) = -v**2 + 2*v + 4. Let q be t(3). Let l = -13 - -19. Suppose g + l = 5*d, -d + g - 5*g = 3. What is the highest common divisor of q and d?
1
Suppose 0*n + 3*n - 48 = 0. Suppose 4*c = 16 + n. What is the greatest common factor of c and 1?
1
Let r(j) = j**3 + 9*j**2 + 6*j + 8. Let k be r(-6). What is the highest common divisor of 16 and k?
16
Let o be (0 + 4/(-3))*(-270)/36. Let r be -4*(209/(-4) - 0). Suppose -5*s = -r - 341. Calculate the highest common divisor of s and o.
10
Let u be 3*((-1)/(6/(-304)) - 0). What is the greatest common factor of u and 19?
19
Suppose -3*p = 1 - 7. What is the highest common divisor of 34 and p?
2
Suppose 4*b = -b + 20, 4*u + 3*b = 44. Let f = -18 + 29. Suppose 0 = 2*l - f - 37. Calculate the highest common divisor of l and u.
8
Let o = 166 + -94. What is the highest common factor of o and 9?
9
Let g = -2 - -16. What is the greatest common factor of g and 28?
14
Suppose -7 = -2*s - 1. Suppose 4*b - 27 = -s. Suppose 0 = -3*k + 2*k + 24. Calculate the greatest common divisor of k and b.
6
Let i be 72/3 + (3 - -1). What is the greatest common factor of i and 7?
7
Suppose 5*q - 63 = 17. What is the greatest common divisor of 2 and q?
2
Let a(f) = -16*f + 2. Let t be a(-1). Calculate the greatest common factor of 12 and t.
6
Let j(s) = -s + 17. Let d be j(0). Calculate the highest common factor of 136 and d.
17
Suppose -2*a - 15 = -41. Calculate the greatest common factor of 104 and a.
13
Suppose w + 10 = 32. What is the highest common factor of w and 176?
22
Let r be 15/(-25) - (-503)/5. Let y = 14 + 26. What is the highest common divisor of r and y?
20
Suppose -7*w + 3*w - r + 310 = 0, r + 158 = 2*w. Let j = 69 + -43. Calculate the greatest common divisor of w and j.
26
Let d be (-136)/(-6) + 6/(-9). Suppose 701 = 4*o - 3*i, -2 + 0 = -2*i. What is the highest common divisor of o and d?
22
Suppose 0 = o + 3*g - 5 + 13, 0 = o - 2*g - 7. Let r be ((-6)/(-4))/((-6)/(-4)). What is the highest common divisor of o and r?
1
Suppose 0 = 2*i + 2, 23 = 5*u - 0*i - 3*i. Suppose c + 2*j + 3*j = -13, -44 = -4*c + u*j. What is the greatest common divisor of 49 and c?
7
Suppose -332 = -2*a - 2*g, -a + g + 154 = 6*g. Calculate the greatest common factor of 13 and a.
13
Suppose -4*z + 4*w + 23 = w, 5*z + 5*w = -15. Suppose 3*f - z*y - 289 = 0, 3*f - 168 - 107 = -5*y. Calculate the highest common divisor of f and 19.
19
Let w(k) = -k. Let s be w(-5). Let g(l) = 19*l - 5. Let h be g(s). What is the highest common divisor of h and 18?
18
Suppose -5*j + 27 = 22. Calculate the greatest common factor of 14 and j.
1
Suppose -5*p = -5*s - 215, 0*p - 117 = -3*p - s. Calculate the greatest common factor of p and 5.
5
Suppose 3*y = -4*k + 38, 0 = -0*y - y + 2*k + 6. Let z be 133/35 - (-2)/y. What is the highest common factor of 12 and z?
4
Suppose 14*d + 96 = 16*d + 4*w, 4*w - 16 = 0. Calculate the greatest common divisor of 16 and d.
8
Suppose -4*j + 10 - 2 = 0. Suppose -g - 4 = m, -j*m - m - 8 = -g. Let b be 28 + -2 + 0 + m. Calculate the highest common divisor of 230 and b.
23
Let v(k) = k**3 + 15*k**2 - 16*k + 30. Let x be v(-16). Let i be (-42)/(-2) - (-2)/(-2). What is the greatest common divisor of x and i?
10
Let t = 59 + -39. What is the greatest common divisor of t and 8?
4
Suppose -3*w - 5*y = -10 + 1, 0 = -w + 4*y + 3. Calculate the greatest common divisor of w and 33.
3
Let y be (-2)/13 - 790/(-65). Let r(n) = -n**2 - 11*n - 6. Let z be r(-9). Calculate the highest common factor of z and y.
12
Suppose -1 = -4*z + 11. Suppose -20 = 4*c - 8*c, -z*j - c = -65. What is the highest common divisor of 10 and j?
10
Let a(k) = -k**3 + 9*k**2 + 3*k - 13. Suppose 0*d = -4*d + 36. Let f be a(d). Let q be 6/4*(f - -4). Calculate the greatest common factor of 9 and q.
9
Suppose 0 = -3*k + 20 + 4. Calculate the highest common factor of 2 and k.
2
Suppose 4*x + 4 = -t, 3*t - 5*x + 17 = 7*t. What is the greatest common factor of t and 24?
8
Let s(q) = 5*q + 2 - 2*q - 2*q. Let z(t) = -3*t - 5. Let v(k) = -15*s(k) - 6*z(k). Let h be v(2). What is the highest common factor of 48 and h?
6
Let m = -5 - 3. Let r be 11 + m + (0 - 0). Let o(s) = -s**3 - s**2 - s + 15. Let y be o(0). What is the greatest common divisor of y and r?
3
Suppose -32 = -5*m + 4*m. Let t be m/176 + 1043/11. What is the greatest common divisor of 19 and t?
19
Let p(m) = m**3 + 3*m**2 - m - 1. Let x be p(-3). Let h be (43*x)/(-1) - 0. Let f = h - -131. Calculate the greatest common divisor of f and 15.
15
Let m = -20 + 36. Calculate the greatest common divisor of 64 and m.
16
Let u = -50 + 59. Calculate the greatest common factor of 153 and u.
9
Let n be 3/(-15) + 42/10. Suppose 3*d - n*d = 0. Suppose 0 = -d*l + l - 6. Calculate the greatest common factor of 66 and l.
6
Let p be 8/20 - (-43)/5. Calculate the greatest common factor of 72 and p.
9
Let q(x) = -x + 4. Let a be q(4). Suppose -t + 0*t = -60. Suppose 0 = -3*p - a*p + t. What is the highest common divisor of p and 30?
10
Let q be (2 + 0)*3*1. Let c be 3/(-18)*3*-4. Let d be 287 + c*(-3)/q. What is the highest common factor of 26 and d?
26
Let m = -37 + 49. What is the highest common divisor of 216 and m?
12
Suppose -15*f = -577 - 743. Calculate the greatest common factor of f and 8.
8
Suppose 0 = z - 2. Let q be 15/(0 - (-3)/z). What is the highest common factor of q and 110?
10
Let s = 41 + -38. Let v(i) = -i + 5. Let b(c) = -3*c + 11. Let q(z) = -6*b(z) + 13*v(z). Let t be q(2). Calculate the greatest common factor of s and t.
3
Suppose -5*s - 8 + 28 = 0. Suppose 25 = s*p - 19. Let w(b) = b**2. Let j be w(-11). Calculate the highest common factor of j and p.
11
Let s = 394 + -274. Calculate the greatest common factor of 30 and s.
30
Let g(a) = -a**3 + 11*a**2 - 11*a + 14. Let s be g(10). Suppose 0 = -s*c + 4 + 404. Calculate the greatest common factor of 17 and c.
17
Suppose 0 = -0*x + x, 5*q - 70 = 5*x. Let r be 1292/18 - q/(-63). Suppose 3*n = -5*d + 52, 26 = 4*n - 0*d - 2*d. What is the greatest common divisor of r and n?
9
Let c be (-1 - 2 - -2) + 29. Let w be 28/98 - (-192)/14. Calculate the highest common factor of w and c.
14
Let z = 14 + -37. Let f = 35 + z. Calculate the greatest common factor of f and 6.
6
Suppose 0 = 4*y + 4, 2*m + m - 2*y - 32 = 0. Calculate the highest common divisor of 30 and m.
10
Let b = 2 - -5. Let t(s) be the second derivative of -8*s**3/3 - s**2 + 4*s. Let g be t(-1). Calculate the greatest common divisor of b and g.
7
Let p = -74 - -113. Suppose -2*x = -4*h - 46, -5 = -3*h + 4*h. Calculate the greatest common factor of x and p.
13
Let b be 55/(-2 + -3)*1. Let i = -175 + 98. Let g = b - i. What is the greatest common factor of g and 6?
6
Let q = 0 + 10. Suppose -3*i = 2*i - q. Suppose -i*x + 29 = -27. Calculate the greatest common factor of x and 70.
14
Let a(d) = -d + 2. Let m be a(3). Let c be (1 - 2)*(-56 - m). Let f = -35 + 57. What is the greatest common factor of c and f?
11
Let h be 4/(-7)*7/(-2). Suppose h*g = 4*s + 20, -5*s + 52 = -0*g + 3*g. Calculate the greatest common divisor of g and 2.
2
Suppose g